*y. Suppose 0 = 2*p - a*p + 36. List the prime factors of p.
2, 3
Let b be (-37)/(-6) + 2/(-12). Let z = b + 4. Suppose -4*y + z = -2*y. List the prime factors of y.
5
What are the prime factors of 8/20*(14 + -4)?
2
Let t(i) be the third derivative of i**5/60 + 7*i**4/24 - 11*i**3/6 + i**2. What are the prime factors of t(-9)?
7
Let o be (-20)/(-3) + (-1)/(-3). Let u(t) = 0 + 5 + t + 2 - 4. What are the prime factors of u(o)?
2, 5
Let c = 15 - 7. Suppose 3*j - j - c = 0. Suppose j*m = 5*v - 35, 5*v - 4*v + 4 = 3*m. List the prime factors of v.
11
Let m be (2/1)/4*6. Let t = 5 - m. Suppose -16 - t = -2*x. List the prime factors of x.
3
Let z be (-6)/10 + (-18)/(-5). Suppose q + 4*d = z*d + 8, 0 = -3*d - 9. List the prime factors of q.
11
Suppose 0*z + 4*z = 0. Suppose -n - 2*n + 30 = z. List the prime factors of n.
2, 5
Suppose 4*v = 5*v - 1. Let w(c) = 25*c - 2. What are the prime factors of w(v)?
23
Suppose w - 18 = n, 2*w - 23 = -3*n + 3. What are the prime factors of w?
2
Let n = -3 - -1. List the prime factors of 0/n + 5 + 0.
5
Let x = 5 - -4. Let a(h) = h**2 - 12*h + 3. Let k(z) = -5*z**2 + 61*z - 16. Let q(t) = -11*a(t) - 2*k(t). List the prime factors of q(x).
2
Let o(g) = -g**2 + 7*g - 9. What are the prime factors of o(3)?
3
Suppose -3*o = 2*g + 12, -5*o + 1 = -3*g + 2. What are the prime factors of o - (-26)/4*2?
11
Let y(j) = 266*j - 6. What are the prime factors of y(1)?
2, 5, 13
Suppose -129 - 59 = -4*z + 4*x, 4*x = -2*z + 88. Suppose d - 2*n = 21, -4*d + 130 = -4*n + z. What are the prime factors of d?
3, 7
What are the prime factors of ((-10)/(-25))/(2/360)?
2, 3
Let h(d) = -5*d**2 - 2*d - 1. Let v be h(2). Let p = 9 - v. List the prime factors of p.
2, 17
Suppose 0 = -2*c - 4*n + 232, 0*n + 2*n = c - 120. What are the prime factors of c?
2, 59
Let t(k) = k**2 - k - 3. Suppose 0*m + 3*m + 15 = 0. List the prime factors of t(m).
3
Suppose 4*l + f = 70, -l - 2*l = 4*f - 46. What are the prime factors of 8/(-36) + 238/l?
13
Suppose 5*s - 92 = 4*s. What are the prime factors of s?
2, 23
Let g = 55 - 15. Suppose -g = -4*h - 4. What are the prime factors of h?
3
Let z(m) = m**2 - 3*m - 2. What are the prime factors of z(5)?
2
Suppose t + 5*u + 5 = 8*u, 3*t - 4*u = -30. Let f = t + 24. List the prime factors of f.
2, 5
Let x be (2/(-4))/(1/(-96)). Suppose 5*k = -2*v - x + 183, 5*v + 75 = 4*k. What are the prime factors of k?
5
Suppose 3*z + 5*h - 4 = -0, -3 = 3*h. List the prime factors of z.
3
Suppose 56 = 3*z - 100. List the prime factors of z.
2, 13
Let k = 51 - 28. Let v = -13 + k. List the prime factors of v.
2, 5
Let d = -2 + 2. Let s = 4 + d. List the prime factors of s.
2
Let v(w) = 2*w + 3. Suppose 4*l - 4*p = 9 + 23, 5*l - 4 = -4*p. What are the prime factors of v(l)?
11
Suppose 0*s + 14 = 3*s - 4*f, -2*s + f + 6 = 0. What are the prime factors of s?
2
Let s(m) = m**2 + 5*m + 12. Let q be s(-10). Let v = -33 + q. List the prime factors of v.
29
Let p(h) = -9*h + 5. List the prime factors of p(-2).
23
Let m(k) = 13*k**2 - 5*k + 25. List the prime factors of m(4).
3, 71
Let t be -2*1*(-30 + -4). Suppose 5*i = i + t. What are the prime factors of i?
17
Suppose 0 = -u - 5*d + 33, 26 = -3*u + d + 173. List the prime factors of u.
2, 3
Let q(r) be the third derivative of r**6/120 + 2*r**5/15 + 5*r**4/24 - r**3/6 - r**2. List the prime factors of q(-7).
13
Let q = -122 + 343. List the prime factors of q.
13, 17
Let w be 2/3*144/32. Suppose 2*q - 5*m = 86, 0 = -4*q + w*m + 81 + 91. What are the prime factors of q?
43
Suppose 0 = 13*q - 10*q - 75. What are the prime factors of q?
5
Let m be ((-8)/(-6))/(-2)*-9. Suppose 5 = z - m. List the prime factors of z.
11
Let j(a) = 7*a - 4 - 4*a - 4*a. What are the prime factors of j(-6)?
2
Let w = 8 + 5. What are the prime factors of w?
13
Suppose -4*o - 2*b + 19 - 5 = 0, o + 4*b + 7 = 0. Suppose 0*g = -o*g + 10. Suppose 0*u + 2*d = -g*u + 12, -5 = d. List the prime factors of u.
11
Suppose -22 = 4*z + 18. Let r(y) = y**3 - 7*y**2 + 4*y - 8. Let v be r(7). Let n = v + z. List the prime factors of n.
2, 5
Let p(h) = h**3 + 7*h**2 - 4*h - 5. Let d be p(-5). Let x = 100 - d. What are the prime factors of x?
5, 7
Let x(n) = -n - 1. Let h be x(3). List the prime factors of ((-86)/h)/(1/2).
43
Suppose -4*y - 8 = -6*y. Let u(o) = o**2 + 2*o - 6. List the prime factors of u(y).
2, 3
Suppose -3*o + 91 = -6*o + 2*k, 4*o + 2*k + 140 = 0. Let n = -8 - o. What are the prime factors of n?
5
Let g = -48 + 91. Let f = 62 - g. List the prime factors of f.
19
Suppose -2*o = 4*p - 50 - 238, 564 = 4*o + 5*p. What are the prime factors of o?
2, 17
Let s be ((-12)/9)/(2/(-21)). List the prime factors of s - 1/(-2)*-4.
2, 3
What are the prime factors of 3 + (-147)/(-9)*(-60)/(-5)?
199
Let m be (3/2)/((-21)/(-322)). Let l = 12 + m. What are the prime factors of l?
5, 7
Let b be (0 - -3)/((-1)/11). List the prime factors of b/2*-2*1.
3, 11
Let g(y) be the second derivative of y**3/6 - 2*y**2 + y. What are the prime factors of g(14)?
2, 5
Suppose 9*j = 555 + 327. What are the prime factors of j?
2, 7
Suppose 0 = -t + 41 - 0. List the prime factors of t.
41
Let x = -13 + 20. List the prime factors of x.
7
Let m be (2/6)/((-2)/54). Let u = 3 + 11. Let k = u + m. List the prime factors of k.
5
Let i = -66 - -107. List the prime factors of i.
41
Let c = 57 - 37. What are the prime factors of c?
2, 5
Let t = 176 - 75. List the prime factors of t.
101
Let q(o) = -o**2 - o + 3. Let a be q(-3). Let i(p) = -p - 1. What are the prime factors of i(a)?
2
Let r = 25 + 105. Suppose 0 = -4*y - r + 14. Let t = -18 - y. List the prime factors of t.
11
Let b(n) = n + 2 - 4 - 1. Let f(o) = -2*o + 2. Let x be f(-2). What are the prime factors of b(x)?
3
Suppose 2*m + 2*m = -28. What are the prime factors of m/(28/(-64))*1?
2
Let y = -36 - -70. What are the prime factors of y?
2, 17
Let c(x) = 160*x**2 - x - 2. List the prime factors of c(-1).
3, 53
Suppose 0 = i + x - 5*x - 28, 0 = 4*i - 5*x - 57. Suppose 0 = -2*g - 0*g + i. What are the prime factors of g?
2
Let o = 6 + 111. What are the prime factors of o?
3, 13
Let q(c) = 2 + c - 10 - c**2 + 2*c + 5*c. Let p be 1 + 1*6 + -1. List the prime factors of q(p).
2
Let d = 11 - -24. What are the prime factors of d?
5, 7
Suppose 115 + 3 = 2*v. What are the prime factors of v?
59
Suppose -11 = -2*f - 5*h - 32, 5*f = -4*h - 10. Suppose 0*o = f*o - 24. List the prime factors of o.
2, 3
Suppose 0 = -0*a - 4*a - 56. Suppose -93 - 18 = -4*x + 3*z, 2*z = 4*x - 106. Let y = a + x. What are the prime factors of y?
2, 5
Let v = -109 + 168. List the prime factors of v.
59
Let n(g) be the first derivative of 2*g**3/3 - 2*g**2 - 6*g - 4. List the prime factors of n(5).
2, 3
Suppose -2*y = y. Let j(w) = -9 - w**2 + 3 + y*w + 8*w. List the prime factors of j(5).
3
Let y(l) = 3*l**3 - 8*l**2 + 5*l - 15. Let f(h) = -4*h**3 + 12*h**2 - 7*h + 22. Let g(i) = -5*f(i) - 7*y(i). What are the prime factors of g(-5)?
2, 5
List the prime factors of (-1 + -155)*-2*3/12.
2, 3, 13
Let h(f) = 2*f - 2. Let g be h(2). Suppose 3*y + g*y = 30. List the prime factors of y.
2, 3
Let q(p) = p - 3. Let c(k) = -k + 2. Let a(i) = 2*c(i) + 3*q(i). Let o be a(0). List the prime factors of (-12)/o - (-4)/(-10).
2
List the prime factors of 30/18 - 1322/(-6).
2, 3, 37
Let c(j) = j**3 - j - 1. Let d(g) = -4*g**3 - 8*g**2 - 3*g + 1. Let v(h) = -3*c(h) - d(h). What are the prime factors of v(-7)?
3
Let u = 183 + -123. What are the prime factors of u?
2, 3, 5
Let v(k) = -k + 15. Let c be 7 - (-2 + -1 + 2). Let y be v(c). Let x = 11 - y. What are the prime factors of x?
2
List the prime factors of 380/2 - (7 + -5).
2, 47
Let r(n) = n**3 + 3*n**2 + 3*n. Let x be r(-2). Let c = -1 - x. List the prime factors of -3 + 38/2*c.
2
Suppose 7*l = 15*l - 1880. List the prime factors of l.
5, 47
Let k(m) be the third derivative of -m**6/120 + m**5/12 + 11*m**4/24 - m**3 - 4*m**2. Let n be k(7). List the prime factors of (-2)/(-1*(-6)/n).
3
Let o(x) = -x - 3*x**3 + 0*x + 3*x**3 + 2*x**2 + 5*x**3. What are the prime factors of o(1)?
2, 3
Let z be 2/9 - (-266)/(-63). Let x be z - -7 - (0 - 1). Suppose -x*j + 10 = -3*j. List the prime factors of j.
2, 5
Let s = 50 + 4. What are the prime factors of s?
2, 3
Let p = -1 - -5. Suppose -14 - 18 = -p*y. List